
Let t be (-91)/(-14)*2*2/2. Suppose 0 = 3*i + 2*f + t, -21 - 22 = 5*i - 2*f. Let v(l) = -l**3 - 6*l**2 + 8*l + 7. Calculate v(i).
0
Let i(a) = -7*a - 101. Let n(f) = -600*f - 2411. Let k be n(-4). What is i(k)?
-24
Let j(m) be the second derivative of m**4/12 - 5*m**3/2 - 25*m**2/2 - 99*m + 2. Give j(14).
-39
Let o(s) = 6*s**3 + 15*s**2 + 48. Let z(u) = u**3 + 3*u**2 + 10. Let f(i) = 2*o(i) - 11*z(i). Determine f(4).
2
Suppose -257 - 620 = -248*h + 115. Let u(a) = 8*a - 21. Calculate u(h).
11
Suppose -23*n = -24*n + 2. Suppose 5*o = n*q + 8, -3*o + 7 + 1 = 2*q. Let l(h) = -7*h + 2 - o + 4 - h**2. Give l(-8).
-4
Suppose -42 = 39*k + 36*k - 82*k. Let o(w) = -8*w**2 - 35*w + 10. Let x(i) = 2*i + i**2 + 10*i - 3 + 2*i**2. Let p(v) = 4*o(v) + 11*x(v). Give p(k).
-5
Let f(j) be the third derivative of -j**6/120 + 7*j**5/60 + 7*j**4/24 - j**3/3 - 3*j**2 - 5*j. Suppose y = -3*h + 2, -2*h + 48 = 5*y - 6*h. Determine f(y).
-10
Suppose -w + 7 = 3*t, -t + w = -7 + 2. Let j(n) = 2*n - 12 - 3*n + 8 + 6 + t. Determine j(8).
-3
Let p(g) = g**3 - 12*g**2 - 11*g - 19. Let x(q) = -q**2 - 30*q - 112. Let a be x(-25). Give p(a).
7
Let m(y) = 2*y + 1. Suppose 0 = 4*q + 3*w - 9, -2*q + 4*w - 2 = -4*q. Let d(n) = -3*n. Let f(s) = q*d(s) + 6*m(s). What is f(-4)?
-6
Let g = -5675 - -5661. Let s(j) = 0*j**2 + 13*j - 18 + 3*j**2 - 2*j**2. Determine s(g).
-4
Let o(g) = 5*g**3 + 10*g**2 - 3*g + 16. Let a(w) = -3*w**3 - 7*w**2 + 2*w - 11. Suppose 4*c = -15 - 5. Let z(f) = c*o(f) - 8*a(f). What is z(6)?
2
Let j(u) = 10*u + 108. Let n be j(-10). Let z(i) = -2*i**2 + 8*i - 27. Let x(c) = -3*c**2 + 11*c - 41. Let r(m) = -5*x(m) + 8*z(m). Calculate r(n).
-3
Let k(d) be the second derivative of 0*d**2 + 1/3*d**3 - 3*d - 1/10*d**5 - 14 + 0*d**4. Give k(2).
-12
Let t(v) = 25*v + 91 - 86*v + 546*v**2 - 275*v**2 - 273*v**2. What is t(-32)?
-5
Let v(f) = 81*f - 152*f + 70*f + 5 + 2. Let r(t) = t - 1 + 2 - 5. Let h(q) = -11*r(q) - 6*v(q). Give h(2).
-8
Let r = 338 + -336. Let z(p) = p**r - 9 + 19 - 9 + 4*p + 1. Calculate z(-5).
7
Let t(w) be the third derivative of w**6/120 + w**5/10 + 3*w**4/8 - w**3/2 - 2610*w**2. Give t(-3).
-3
Let r be 1522 - (-7)/(14/(-6)). Let o(x) = x - r - 1523 + 3041. What is o(8)?
7
Let q(k) = -11*k**3 - 27*k**2 - 30*k + 51. Let f(p) = -2*p**3 - p + 2. Let x(z) = 5*f(z) - q(z). Give x(-26).
-15
Let m = 322 - 327. Let a(n) = -6*n**2 - 11*n - 2. Let h(w) = 7*w**2 + 12*w + 3. Let f(o) = -6*a(o) - 5*h(o). What is f(m)?
-8
Let s(x) = -3*x - 39. Let b be s(-19). Let u = 17 - b. Let p(j) = -3*j**3 - 5*j**2 + 5*j - 1. Let k(z) = z**3 - z. Let n(w) = u*p(w) - 2*k(w). What is n(-5)?
16
Let d = 349 + -77. Let i = 278 - d. Let y(c) = -c + 5. What is y(i)?
-1
Let x(t) be the first derivative of 1/2*t**2 - 4 + 0*t + 0*t**3 + t**4. What is x(1)?
5
Suppose -139*j = -158*j + 19. Let a(q) be the third derivative of 17*q**6/120 + q**5/60 + q**2. Give a(j).
18
Suppose -2*c - 11 = -1. Let u(p) be the first derivative of 7/2*p**2 + 14 + 1/3*p**3 + 3*p. Give u(c).
-7
Let p(v) = v**2 + 7*v + 9. Let k be ((-750)/(-20))/(2 - 15/6). Let i = k - -78. Suppose 0 = i*d - 3 + 21. Give p(d).
3
Suppose 0 = l - 0*l - 1. Let o be 4/l - 1 - 6. Let w(a) = 2*a - 2 - 3 - 3*a + 1 + 0*a. Calculate w(o).
-1
Let p = -4 - -42. Let x = -32 + p. Let z(a) be the second derivative of -a**3/6 + 3*a**2 - 7*a. Give z(x).
0
Let q(r) = r**2 - 10*r - 11. Let o(c) = -c**3 - 16*c**2 + 42*c + 864. Let m be o(-15). Give q(m).
-20
Suppose 5*k = 5*v + 105, v + 35 = 33. Let u(f) be the first derivative of 1/2*f**2 + 4*f - k. Calculate u(-6).
-2
Let u(t) be the first derivative of -t**2 - 12 + 1/6*t**3 + 1/12*t**4 - 14*t. Let k(n) be the first derivative of u(n). Determine k(0).
-2
Let t(l) be the second derivative of -1/12*l**4 + 0 + 0*l**2 - 1/120*l**5 + 29*l + 14/3*l**3. Let c(s) be the second derivative of t(s). Calculate c(0).
-2
Let l(v) = v**2 + 4*v + 23. Let q(c) = 2*c + 7. Let g(i) = -l(i) + 3*q(i). What is g(5)?
-17
Let c(b) = -2. Let g(l) = -3*l**2 + 12*l - 16. Let u(r) = c(r) - g(r). Let t(o) = o**2 - o + 2. Let q(k) = -4*t(k) + u(k). Determine q(-7).
13
Suppose -n - f + 8 = 0, -9 = n - 4*n + 2*f. Let s(l) = 0 + 2 - n + l - 1. Suppose 0 = 5*i - 15 + 40. What is s(i)?
-9
Suppose -9 = -4*r - 3*g, r + 5*g + 330 = 345. Let x(k) = -k**3 + 2*k + 53. Calculate x(r).
53
Let v(i) = -i**3 + 28*i**2 + 2*i - 16. Let c(f) = f**3 - 25*f**2 - 2*f + 15. Let y(k) = 6*c(k) + 5*v(k). Give y(10).
-10
Let x(m) = 6*m**2 - 7*m - 4. Let n be (-24)/(-5) + 21/105. Let d(l) = -7*l**2 + 7*l + 3. Let h(u) = n*d(u) + 6*x(u). What is h(8)?
-1
Let j(a) = -5*a + 2. Suppose 14*y = 144 - 2692. Let c = 184 + y. Give j(c).
-8
Let a(l) = l - 3. Let f(t) = -5*t + 9. Let n(d) = 6*a(d) + f(d). What is n(8)?
-1
Suppose -3*l - 27 + 43 = x, 0 = l - 3*x + 8. Let f(u) = u**3 + 2*u**2 + 5. Determine f(l).
101
Suppose -3*o = -0*o + 18. Let s(r) = -9840*r**3 + 5*r**2 + 4*r**2 + 10*r + 9841*r**3 + 14 + 4 + 2*r**2 - 4*r**2. Give s(o).
-6
Let x(b) = -b**3 + 9*b**2 - 4*b - 21. Let k(t) = 31*t - 921. Let a be k(30). Calculate x(a).
-57
Let m be 22/(-22)*(-1 + -63). Let s(q) = -m*q + 0*q**2 + 64*q + q**2. Determine s(0).
0
Let c be 14/21*6/(2 + 0). Suppose c*o + 4*k = 22, -2*o - 24 = -6*o + 2*k. Let n(h) = -o - 7 + 8*h + 18 + h**2. Give n(-6).
-8
Let y be 8 + (-4)/(-4) + 6/(-2). Let t(k) = 7*k + 1. Let d(w) = 7*w + 1. Let g(v) = y*t(v) - 7*d(v). Give g(4).
-29
Let u(a) = 96*a + 125. Let o(h) = 19*h + 22. Let c(w) = -11*o(w) + 2*u(w). Determine c(2).
-26
Let z(o) = -o**2 - 8*o + 4. Let b(d) = -d**2 + d - 1. Let c(f) = 8*f**2 - 6*f. Let v(y) = 5*b(y) + c(y). Let p be v(0). Let h be (-2)/((40/(-36))/p). Give z(h).
-5
Let b(f) = -3*f + 1. Let x(o) = 21*o - 103. Let z be x(30). Let i be (-2 - (-20)/14) + z/(-119). Give b(i).
16
Let o(z) = z**2 + 8*z + 4. Let p = 2290 - 2297. Calculate o(p).
-3
Let w be -131 + 109 - (-6 + -14). Let i(l) = l**2 + 2*l - 3*l**2 + 1 + 8*l**2. Determine i(w).
21
Let g be (1 - 12) + 12 - 15/(-10). Let p(h) be the second derivative of 0 + g*h**2 + 7/6*h**3 + 1/20*h**5 + 5/12*h**4 - 15*h. Give p(-4).
-7
Let t(c) = -c**2 + 1062*c + 960*c - 2067*c - 235. Calculate t(-39).
-1
Let m(o) be the third derivative of o**5/60 + 7*o**4/24 - 4*o**3/3 - 1706*o**2 - 5. Let d(w) = 4*w + 4. Let p be d(-3). Determine m(p).
0
Let c(w) be the third derivative of -w**5/30 + w**4/6 - 2*w**3/3 - 4833*w**2. What is c(-5)?
-74
Let x(n) = 11*n + 38. Let j(q) = -2*q - 1. Let u(o) = 4*j(o) + x(o). Let z(k) = -2*k - 22. Let i(w) = -5*u(w) - 8*z(w). Determine i(-2).
4
Let i(m) = -9*m + 100. Let s be -2 + 1*13/(0 + 1). Let u be i(s). Let l(z) = -7*z. What is l(u)?
-7
Let m(n) be the third derivative of 18*n**2 + 0 - 1/120*n**6 + 0*n + 1/12*n**4 - 1/6*n**3 + 1/60*n**5. Determine m(3).
-13
Let y(a) = a - 3. Suppose 6*c - j = 9*c + 297, 3*c + 297 = 3*j. Let b be 110/(-18) + (-11)/c. Give y(b).
-9
Suppose -3*y - a + 30 = 0, -2*y - 26*a + 28*a = -20. Suppose -5 - 5 = y*w. Let r(h) = -2*h**3 - 2*h**2 - h. Calculate r(w).
1
Let o(h) = -2*h - 5. Suppose -4*l = 16*l - 80. Suppose -3*y - 4*q = -5*y + 10, -2*q + 4 = -l*y. Calculate o(y).
1
Let i(s) = s**3 - 6*s**2 - 9*s + 6. Let p = -61 + 56. Let k be 3 - p/(5/4). Give i(k).
-8
Let d(b) = b**3 + 10*b**2 + 3. Let h be d(-6). Suppose 12*k + h = -9*k. Let w(j) = -j**2 - 7*j + 9. Give w(k).
9
Let w(a) be the second derivative of 117*a + 0 - 1/20*a**5 - 2/3*a**3 + 2*a**2 + 0*a**4. Give w(3).
-35
Let d(t) = 25*t**2 - 9*t**2 - 7*t**2 - 4 - 2*t**2 + 2*t - 2*t**2. Let z(r) = -r**2 + r + 2. Let m(x) = -d(x) - 3*z(x). What is m(-3)?
-5
Let a(n) = n**2 - 7*n + 5. Suppose 93*m - 98*m + 910 = 0. Let y = m + -176. Determine a(y).
-1
Let n(j) = 7*j**2 - 6*j + 3. Let s(y) = -8*y**2 + 9*y - 6. Let k(h) = -32*h**2 + 37*h - 25. Let v(t) = 2*k(t) - 9*s(t). Let l(c) = -7*n(c) + 6*v(c). Give l(6).
-33
Suppose -182 + 294 = -10*m + 182. Let y(g) = 4*g**2 + 14*g + 3. Let d(t) = -5*t**2 - 15*t - 2. Let h(b) = -5*d(b) - 6*y(b). Give h(m).
-22
Suppose o + 47 = 5*a, -5*a + 15 = 3*o - 44. Let l(u) = -2*u - 10*u**2 + u + 77 - 84 + u**3. Give l(a).
-17
Let k(s) = -1. Let x(y) = -10*y + 6. Let b(u) = -5*k(u) - x(u). Let a(t) = -t**2 - 24*t + 3. Let i be a(0). Suppose -4*v + 7 = i*v. What is b(v)?
9
Let h(q) = -2*q - 5. Suppose 13*b + 43*b = 728. Calculate h(b).